 the remainder when d is divided by u?
8
Suppose -o - 2*j = j - 40, -5*o - 2*j = -213. Let t be (-74)/8 - (-6)/24. Let i = 13 - t. Calculate the remainder when o is divided by i.
21
Calculate the remainder when 62 is divided by (-121)/33 + 2/(-6) + 20.
14
Let x = 43 + -20. Let f = x - 17. What is the remainder when 15 is divided by f?
3
Suppose c - 201 = -3*n, 0*n + n - 5*c = 51. Let i(q) = -q**3 + 11*q**2 + 7*q - 58. What is the remainder when n is divided by i(11)?
9
Let s(d) = -2*d**2 + 36*d - 73. What is the remainder when 46 is divided by s(15)?
12
Let k(p) = -p**2 + 5*p + 2. Let w be k(5). Suppose 5*u - 5*l - 40 = 0, 0 = -w*u + u + 3*l + 16. Let d = -41 + 56. What is the remainder when d is divided by u?
3
Suppose -5*a = i - 594, -6*i + 480 = 4*a - 10*i. What is the remainder when a is divided by 11?
9
Let u = 74 + -59. Calculate the remainder when 4/(-5) - (-1137)/u is divided by (-262)/(-14) - (-6)/21.
18
Let i(s) = 20*s + 111. Calculate the remainder when 999 is divided by i(-5).
9
Let b = -20 - -28. What is the remainder when 4*(-2)/40 - (-191)/5 is divided by b?
6
Suppose 22*h - 10516 - 2860 = 0. Calculate the remainder when h is divided by 5.
3
Let l(i) = i**3 - 3*i**2 + 5*i - 7. Let w be l(3). What is the remainder when (4/w)/((-3)/(-366)) is divided by 13?
9
Calculate the remainder when 10 is divided by 1 - -2 - (-2 - (-5 + 5)).
0
What is the remainder when 509 is divided by 4/((-123)/(-12) - 10)?
13
Suppose -252 = 3*i - 1509. Suppose 405 + 21 = 4*f - 2*v, 5*v - i = -4*f. Calculate the remainder when f is divided by 36.
34
Suppose 31 = 5*l - 74. Calculate the remainder when 77 is divided by l.
14
Let t be (-101)/(-6) + ((-11)/6)/(-11). Suppose 116 - t = 11*n. Calculate the remainder when n is divided by 4.
1
Suppose 48 - 160 = -14*f. What is the remainder when 38 is divided by f?
6
Let m = 15 + 18. Suppose -32*w = -33*w + m. Calculate the remainder when 228 is divided by w.
30
Let w(p) = 11*p**3 + p**2 + 2*p. Let l be w(2). Suppose 11*m - 7*m = l. Calculate the remainder when 92 is divided by m.
20
Let d(w) = -23*w**2 + 4*w + 8. Let m be d(4). Let j be m/(-3) + (-11)/(-33). Let i = 177 - j. What is the remainder when i is divided by 13?
10
Let a = 660 - -529. What is the remainder when a is divided by 17?
16
Suppose 5*w - 3*z - 2*z = 55, w = 3*z + 1. What is the remainder when (20/(-8))/(40/(-704)) is divided by w?
12
Suppose -5*o + 4*u = u - 90, -5*o + 4*u = -95. Calculate the remainder when 103 is divided by o.
13
Suppose -4*h = -2*h + 32. Let m be ((-10)/8)/(h/(-192)). Let r = m - -26. What is the remainder when r is divided by 4?
3
Let q = 2 - -27. Suppose -w - 2*l - 16 = 0, -3*w - 30 - q = -5*l. What is the remainder when (0 - w)*2/4 is divided by 6?
3
Let c = -2406 + 2440. Suppose 0 = 4*y - 4*w - 44, -4*y + 2*w - 12 + 52 = 0. What is the remainder when c is divided by y?
7
Suppose -3*p - p + 28 = 0. Suppose 10*y - 25 + 5 = 0. Suppose -5*v + 96 = 3*s - p, 3*v + y*s - 61 = 0. Calculate the remainder when 89 is divided by v.
20
Suppose -7*y + 23 = -180. What is the remainder when 144 is divided by y?
28
Let c(b) = -b**2 - 148*b - 1980. Let n(a) = -90*a - 3. Calculate the remainder when n(-2) is divided by c(-15).
12
Let b(w) = w + 1 + 0*w + w + 11. Let z be b(-8). Calculate the remainder when 19 is divided by z/4 + (-24)/(-2).
8
Let q(b) = 22*b + 18. Let p be q(4). Suppose -g - g = -5*y + p, 5*y + 5*g = 85. Calculate the remainder when 57 is divided by y.
17
Let x = -2476 + 2481. What is the remainder when 509 is divided by x?
4
Let b = 176 - 116. Suppose y - 63 = b. What is the remainder when y is divided by 31?
30
Let r = -6 + 9. Calculate the remainder when (-6)/r + (27 - -4) is divided by 11.
7
Suppose -4*p + 4*s = -780, -2*p + 3*s = -365 - 25. What is the remainder when p is divided by 37?
10
Let h(m) = 11*m - 10. Calculate the remainder when h(3) is divided by 4.
3
What is the remainder when 96 is divided by 208/(-2)*(3 + 1)/(-8)?
44
Let w(o) = -o - 19*o + 0 + 1. Let v be w(-3). Let f = v + -33. What is the remainder when 55 is divided by f?
27
Let o(x) = x**3 - 4*x**2 - 5*x - 29. Let k = 50 + -27. What is the remainder when k is divided by o(6)?
10
Suppose -10 = 2*i - 0*i. Let r(c) be the first derivative of c**4/4 + 7*c**3/3 + 7*c**2/2 + 60. What is the remainder when r(i) is divided by 6?
3
Let a(i) = 3*i + 2. Let t be a(-8). Let u = 28 + t. What is the remainder when 33 is divided by u?
3
Suppose -176*g = -172*g + 840. Let i = -24 - g. Calculate the remainder when i is divided by 27.
24
Let f(z) = 9*z - 3. Suppose -144 = 4*u - 0*u. Let j = u - -94. Calculate the remainder when j is divided by f(2).
13
Suppose 4*h - 164 = 192. Suppose i + 28 = -4*v + h, 2*v + 5*i = 17. Calculate the remainder when 38 is divided by v.
6
Let m(j) be the first derivative of -j**3/3 - 5*j**2 + 8*j + 1. Let l = 98 + -5. Calculate the remainder when l is divided by m(-6).
29
Suppose 5 = -2*l - 2*j - 3*j, 0 = -2*l - 2*j + 10. Suppose 287 = l*k - 103. What is the remainder when k is divided by 10?
9
Suppose -5*d + 370 = 5*r, 4*d = 3*r - 155 - 102. What is the remainder when r is divided by (2 - (2 + 4)) + 90/5?
9
Suppose -l + 2 = f, 4*f - 4*l + 5*l = 2. Suppose 4*s + 29 - 169 = f. Calculate the remainder when 500/28 + 5/s is divided by 10.
8
Suppose 115 = 4*r + 3*y, 2*y + 26 = 9*r - 8*r. Calculate the remainder when r is divided by 15.
13
Let i(p) = p**3 + 10*p**2 + 10*p + 11. Let n = 461 + -444. What is the remainder when i(-8) is divided by n?
8
Let z(x) = 259*x**2 + 17*x - 6. Calculate the remainder when z(2) is divided by 15.
14
Suppose -67 - 80 = -4*t + k, -2*t - 5*k + 57 = 0. Calculate the remainder when t is divided by 22.
14
Suppose -4*r = -2*k + 48, -k = -r - 7 - 5. Let g = r + 22. Suppose f = -5*t - 4*f + g, 2*f = -10. What is the remainder when 13 is divided by t?
6
Suppose 3*d + g = 37, 4*d + 283 - 307 = 5*g. Let i be (-2)/6 + 344/6. Suppose 0 = 3*a - 0*a - i. What is the remainder when a is divided by d?
8
Suppose -12*b + 740 = 22*b - 14*b. What is the remainder when (-2)/(3/((-438)/4)) is divided by b?
36
Suppose 5*s + 35 = 2*i, 4*s + 22 = i - 0*i. Let t = 71 + -71. Calculate the remainder when (-23)/(-46)*(74 - t) is divided by i.
7
Let x(i) = i**3 + 7*i**2 - 10*i. Let j be x(-8). Let z = 13 - j. Let o(w) = -3*w**3 - 2*w**2 + 3*w - 4. What is the remainder when o(z) is divided by 13?
11
Suppose 28 = b - 5*d - 27, -2*d - 55 = -b. Suppose -112 = -5*w - 2. What is the remainder when w is divided by 650/b + (40/(-22) - -2)?
10
Let v = 851 - 841. What is the remainder when 117 is divided by v?
7
Suppose -2*z + 33 = -5*w - 44, -4*w - 160 = -4*z. Calculate the remainder when 149 is divided by z.
26
Let a(u) = u**3 - 2*u**2 - 8*u + 16. Suppose -4*v = -9*c + 4*c + 75, 0 = c - 4*v + 1. Suppose -75 = -2*m + c. What is the remainder when m is divided by a(4)?
15
Let h(g) = -g**2 - 8*g - 8. Let q be h(-10). Let c be (-7)/q - (-205)/(-4). Let p = 87 + c. What is the remainder when p is divided by 13?
10
Let x(b) = -46*b**3 + b**2 + 2*b + 1. Calculate the remainder when 1516 is divided by x(-1).
44
Suppose 0 = 8*y - 3*y. Suppose f + y = 4. Suppose f*o - 7 = 69. What is the remainder when 56 is divided by o?
18
Suppose -6*n + 2*n + 20 = 0. Suppose 4*t = -5*v - 105, -3*v + 20 = -2*t + 83. Let y = 34 + v. What is the remainder when y is divided by n?
3
Let v = 169 - 125. Calculate the remainder when 174 is divided by v.
42
Let a = -15 - -19. Let b = a + -5. What is the remainder when 20 is divided by b/(3*5/(-165))?
9
What is the remainder when 128 is divided by 26/((1 - 0)/((-4)/(-8)))?
11
Suppose 4*f = -4*q + 781 + 455, -q - 5*f + 293 = 0. What is the remainder when q is divided by 79?
76
Suppose 3*t - 58 = -5*u, 2 - 1 = t. Suppose 0 = -u*b + 9*b + 42. Let c = -16 - -28. Calculate the remainder when b is divided by c.
9
Suppose 5*i - 214 = -2*d + 1431, -2*i + 658 = 3*d. Let w = i + -235. Calculate the remainder when w is divided by (-43 - -41)/(3/(-48)).
30
Let x be (-10)/25 - (-21)/15. Suppose 28 = p - x. Calculate the remainder when p is divided by 15.
14
Calculate the remainder when 161 is divided by (36/(-10))/(10/(-50)).
17
Let x(w) = -4*w + 70. Let a = -81 + 167. What is the remainder when a is divided by x(12)?
20
Let w be (91 - 1)